hest common divisor of 200 and 8?
8
What is the highest common factor of 4012 and 236?
236
Calculate the highest common factor of 315 and 1449.
63
Calculate the greatest common factor of 5504 and 48.
16
What is the greatest common divisor of 1144 and 220?
44
What is the highest common divisor of 18 and 198?
18
What is the greatest common factor of 2899 and 39?
13
Calculate the greatest common divisor of 540 and 60.
60
Calculate the highest common factor of 83 and 8.
1
What is the greatest common factor of 2 and 146?
2
Calculate the highest common divisor of 2 and 19120.
2
What is the highest common divisor of 87 and 21?
3
What is the greatest common factor of 153 and 391?
17
Calculate the greatest common factor of 365 and 219.
73
Calculate the highest common divisor of 1833 and 1974.
141
What is the highest common factor of 442 and 17?
17
What is the greatest common factor of 10 and 175?
5
What is the highest common factor of 25 and 1250?
25
What is the greatest common factor of 590 and 35?
5
What is the greatest common factor of 310 and 186?
62
Calculate the greatest common factor of 20 and 692.
4
What is the highest common factor of 45 and 3087?
9
What is the highest common factor of 51 and 30192?
51
Calculate the greatest common divisor of 70 and 126.
14
What is the greatest common factor of 142 and 1775?
71
Calculate the greatest common divisor of 1242 and 69.
69
Calculate the greatest common factor of 8 and 1492.
4
What is the greatest common factor of 2262 and 624?
78
Calculate the highest common divisor of 84 and 4.
4
Calculate the highest common factor of 27 and 2.
1
What is the greatest common factor of 290 and 20?
10
Calculate the highest common divisor of 13610 and 10.
10
What is the greatest common divisor of 129 and 731?
43
Calculate the highest common factor of 385 and 245.
35
What is the highest common factor of 10530 and 3?
3
Calculate the highest common factor of 220 and 80.
20
Calculate the highest common factor of 12 and 172.
4
Calculate the highest common factor of 31 and 52483.
31
What is the highest common divisor of 3 and 39?
3
Calculate the greatest common factor of 299 and 819.
13
Calculate the greatest common divisor of 11 and 55.
11
What is the greatest common factor of 750 and 6?
6
Calculate the greatest common factor of 8 and 14.
2
Calculate the highest common divisor of 340 and 220.
20
What is the greatest common factor of 74 and 5846?
74
Calculate the greatest common factor of 1264 and 16.
16
What is the greatest common divisor of 612 and 36?
36
Calculate the greatest common factor of 46 and 322.
46
What is the greatest common divisor of 589 and 93?
31
Calculate the highest common factor of 154 and 2354.
22
Calculate the greatest common divisor of 12 and 90.
6
Calculate the greatest common factor of 70250 and 250.
250
Calculate the highest common factor of 48 and 384.
48
What is the greatest common factor of 32 and 240?
16
Calculate the greatest common divisor of 110 and 1243.
11
Calculate the greatest common factor of 999 and 37.
37
What is the highest common divisor of 18 and 85122?
18
What is the highest common divisor of 4617 and 9?
9
What is the highest common divisor of 639 and 324?
9
What is the greatest common divisor of 846 and 36?
18
What is the greatest common divisor of 1503 and 171?
9
What is the highest common divisor of 176 and 616?
88
Calculate the greatest common divisor of 207 and 567.
9
What is the highest common divisor of 728 and 64?
8
Calculate the greatest common factor of 15 and 15500.
5
Calculate the highest common divisor of 72 and 312.
24
Calculate the greatest common divisor of 48 and 1272.
24
What is the greatest common factor of 56 and 8?
8
Calculate the greatest common factor of 143 and 91.
13
What is the highest common divisor of 91 and 377?
13
Calculate the greatest common factor of 820 and 20.
20
What is the highest common factor of 396 and 12?
12
What is the greatest common factor of 32 and 1016?
8
What is the greatest common divisor of 72 and 32?
8
Calculate the greatest common divisor of 372 and 899.
31
Calculate the highest common divisor of 2223 and 171.
171
What is the greatest common divisor of 496 and 93?
31
Calculate the greatest common factor of 341 and 187.
11
Calculate the highest common factor of 10 and 65.
5
What is the highest common factor of 255 and 2516?
17
What is the highest common divisor of 52 and 208?
52
Calculate the highest common factor of 1183 and 91.
91
Calculate the highest common divisor of 60 and 8780.
20
Calculate the greatest common factor of 1196 and 1157.
13
What is the highest common factor of 28 and 6013?
7
What is the highest common divisor of 2530 and 220?
110
What is the highest common divisor of 48 and 564?
12
Calculate the greatest common divisor of 3040 and 1280.
160
Calculate the greatest common divisor of 217 and 124.
31
Calculate the greatest common divisor of 5 and 5.
5
Calculate the highest common divisor of 13375 and 125.
125
Calculate the greatest common factor of 1083 and 57.
57
Calculate the highest common divisor of 16786 and 154.
154
Calculate the highest common factor of 5 and 165.
5
What is the greatest common divisor of 22 and 143?
11
Calculate the greatest common factor of 38 and 10.
2
What is the greatest common divisor of 387 and 15781?
43
Calculate the highest common factor of 116 and 1566.
58
Calculate the highest common divisor of 69 and 138.
69
Calculate the greatest common divisor of 1595 and 290.
145
What is the highest common factor of 572 and 44?
44
What is the highest common factor of 8 and 10?
2
What is the greatest common divisor of 10 and 270?
10
What is the highest common divisor of 425 and 25?
25
Calculate the highest common factor of 42 and 651.
21
What is the highest common divisor of 13482 and 126?
126
Calculate the greatest common factor of 59 and 767.
59
What is the greatest common factor of 128 and 24?
8
Calculate the highest common divisor of 1407 and 21.
21
What is the greatest common divisor of 140 and 931?
7
What is the highest common divisor of 284 and 2201?
71
What is the greatest common divisor of 410 and 50?
10
What is the highest common divisor of 35 and 1295?
35
What is the greatest common divisor of 99 and 2541?
33
What is the greatest common factor of 252 and 288?
36
Calculate the greatest common divisor of 4490 and 100.
10
Calculate the greatest common factor of 6358 and 44.
22
What is the highest common divisor of 6 and 744?
6
What is the highest common divisor of 7 and 4?
1
Calculate the greatest common factor of 16 and 496.
16
What is the greatest common factor of 135 and 555?
15
Calculate the highest common divisor of 24 and 42.
6
What is the greatest common factor of 48 and 1392?
48
Calculate the highest common divisor of 3780 and 15.
15
Calculate the greatest common factor of 13431 and 74.
37
What is the highest common factor of 157570 and 70?
70
What is the highest common divisor of 3146 and 26?
26
Calculate the greatest common factor of 5 and 8.
1
Calculate the highest common divisor of 650 and 80.
10
Calculate the highest common factor of 11 and 2.
1
Calculate the greatest common factor of 2 and 29.
1
Calculate the greatest common factor of 2204 and 232.
116
What is the greatest common divisor of 24 and 127992?
24
What is the highest common divisor of 27 and 21?
3
Calculate the greatest common divisor of 1342 and 682.
22
What is the highest common divisor of 54 and 342?
18
Calculate the greatest common divisor of 115366 and 74.
74
What is the greatest common factor of 600 and 696?
24
Calculate the highest common factor of 17 and 527.
17
Calculate the highest common factor of 150 and 350.
50
What is the highest common divisor of 312 and 195?
39
Calculate the greatest common divisor of 420 and 60.
60
Calculate the greatest common factor of 16 and 136.
8
Calculate the greatest common factor of 33 and 869.
11
Calculate the highest common divisor of 9655 and 5.
5
Calculate the highest common factor of 98 and 56.
14
What is the greatest common factor of 6256 and 17?
17
Calculate the highest common divisor of 238 and 14.
14
Calculate the greatest common factor of 80 and 140.
20
Calculate the greatest common divisor of 1490 and 160.
10
What is the highest common divisor of 1292 and 